94 and 10621.
247
What is the highest common divisor of 368 and 39376?
368
What is the highest common factor of 700 and 2870?
70
What is the highest common factor of 26151 and 4002?
69
What is the highest common factor of 756 and 50004?
108
What is the greatest common divisor of 1323 and 56448?
441
Calculate the greatest common divisor of 416 and 219232.
416
What is the greatest common divisor of 13995 and 8910?
45
What is the highest common factor of 59104 and 64?
32
Calculate the highest common divisor of 24444 and 7848.
36
What is the greatest common divisor of 3572 and 684?
76
Calculate the greatest common divisor of 6 and 147786.
6
Calculate the greatest common divisor of 70 and 51610.
10
Calculate the greatest common divisor of 27136 and 112.
16
What is the highest common divisor of 138419 and 3395?
97
What is the highest common divisor of 1385 and 554?
277
What is the greatest common factor of 105183 and 32085?
279
Calculate the highest common divisor of 38 and 51053.
19
Calculate the highest common factor of 658 and 2086.
14
What is the greatest common divisor of 2493 and 329907?
831
What is the greatest common factor of 30385 and 5047?
103
What is the highest common divisor of 591550 and 35?
5
What is the greatest common factor of 30 and 98295?
15
What is the highest common divisor of 333723 and 398?
199
What is the greatest common factor of 16 and 142320?
16
What is the highest common divisor of 315 and 35322?
21
What is the greatest common divisor of 3292480 and 4?
4
What is the greatest common divisor of 37366 and 714?
238
Calculate the greatest common divisor of 13984 and 33304.
184
What is the highest common divisor of 6138 and 77?
11
Calculate the greatest common divisor of 1662 and 24.
6
Calculate the highest common divisor of 39888 and 16.
16
What is the greatest common factor of 527392 and 96?
32
Calculate the highest common factor of 13818 and 564.
282
Calculate the highest common divisor of 12 and 6507876.
12
Calculate the highest common factor of 5696 and 92.
4
Calculate the highest common factor of 131160 and 120.
120
Calculate the greatest common factor of 49126 and 484.
242
Calculate the greatest common divisor of 23172 and 156.
12
Calculate the greatest common factor of 104496 and 42.
42
What is the greatest common divisor of 10611 and 4454?
131
What is the greatest common factor of 40 and 7736?
8
Calculate the greatest common factor of 210123 and 111.
111
What is the greatest common factor of 42812 and 9240?
308
What is the highest common divisor of 28091 and 252?
7
Calculate the greatest common divisor of 5038 and 19646.
22
Calculate the highest common divisor of 4653 and 3888.
9
What is the greatest common divisor of 2385 and 17755?
265
Calculate the greatest common divisor of 235 and 82015.
235
What is the highest common divisor of 820 and 2372670?
410
What is the highest common factor of 6132 and 1679?
73
Calculate the highest common divisor of 31584 and 3102.
282
What is the greatest common factor of 2172 and 648?
12
What is the greatest common divisor of 713 and 9154?
23
Calculate the greatest common divisor of 14126 and 7266.
14
Calculate the highest common divisor of 13 and 257101.
13
Calculate the highest common divisor of 12 and 7198272.
12
Calculate the highest common factor of 89901 and 1827.
63
Calculate the highest common divisor of 565840 and 1100.
220
What is the highest common factor of 4324 and 114868?
188
What is the greatest common factor of 1064 and 158872?
56
What is the greatest common factor of 2048440 and 4648?
664
Calculate the greatest common factor of 56206 and 2148.
358
What is the greatest common factor of 8 and 11970?
2
What is the greatest common factor of 67 and 346323?
67
What is the highest common factor of 47960 and 7630?
1090
What is the highest common divisor of 118881 and 5712?
357
Calculate the greatest common factor of 2521344 and 336.
336
What is the highest common divisor of 57 and 14937?
3
What is the greatest common divisor of 450087 and 99?
33
What is the highest common factor of 3218 and 4?
2
Calculate the greatest common divisor of 384 and 9.
3
What is the greatest common divisor of 113 and 69269?
113
What is the greatest common divisor of 796985 and 98?
49
Calculate the highest common factor of 390 and 2990.
130
Calculate the highest common divisor of 1520190 and 190.
190
Calculate the greatest common divisor of 2325072 and 821.
821
What is the highest common factor of 9449 and 77?
11
What is the highest common factor of 6508700 and 3201?
1067
Calculate the greatest common factor of 345 and 37030.
115
What is the highest common divisor of 4230 and 1266?
6
What is the greatest common factor of 5984 and 1513?
17
Calculate the highest common divisor of 415 and 155.
5
Calculate the greatest common factor of 1890 and 1540.
70
Calculate the greatest common divisor of 480 and 105590.
10
What is the highest common factor of 1565 and 35369?
313
What is the highest common divisor of 3288 and 129?
3
What is the greatest common divisor of 16356 and 34800?
348
What is the highest common factor of 161 and 104650?
161
Calculate the greatest common factor of 208 and 605136.
16
Calculate the highest common factor of 195 and 1664.
13
Calculate the greatest common factor of 154 and 27.
1
Calculate the highest common factor of 3424 and 160.
32
Calculate the greatest common divisor of 82205 and 205.
205
What is the highest common factor of 98853 and 794?
397
What is the highest common factor of 1565 and 45?
5
What is the highest common divisor of 6596 and 388?
388
What is the highest common factor of 660 and 1826?
22
What is the greatest common factor of 268034 and 549?
61
What is the highest common factor of 1510247 and 67?
67
Calculate the greatest common factor of 172 and 25972.
172
What is the highest common divisor of 2245214 and 23?
23
What is the greatest common factor of 29234 and 4?
2
What is the highest common factor of 12112152 and 312?
312
What is the highest common divisor of 5798 and 65?
13
What is the highest common divisor of 85852 and 2286?
254
Calculate the greatest common divisor of 2635755 and 5373.
597
What is the highest common factor of 194231 and 43?
43
What is the highest common divisor of 3918 and 1362?
6
Calculate the highest common factor of 54 and 16398.
18
What is the greatest common divisor of 664038 and 486?
162
Calculate the greatest common divisor of 1911 and 7455.
21
What is the highest common factor of 462457 and 311?
311
Calculate the greatest common factor of 11183 and 53383.
211
Calculate the greatest common divisor of 12 and 20184.
12
What is the greatest common factor of 400 and 25175?
25
Calculate the highest common factor of 3822 and 126.
42
Calculate the greatest common divisor of 10 and 6294090.
10
What is the greatest common factor of 1634 and 8084?
86
Calculate the highest common factor of 34100 and 2400.
100
What is the highest common factor of 4687 and 131890?
109
Calculate the highest common divisor of 1295 and 11669245.
1295
What is the greatest common factor of 1014 and 345150?
78
Calculate the greatest common divisor of 2059 and 260304.
29
Calculate the greatest common divisor of 901 and 3910.
17
What is the highest common factor of 10350 and 19350?
450
Calculate the highest common factor of 235600 and 434.
62
What is the greatest common divisor of 8292 and 1188?
12
What is the highest common divisor of 3185 and 559?
13
What is the greatest common factor of 35466 and 24?
6
What is the greatest common divisor of 97445 and 5?
5
What is the highest common divisor of 679341 and 312?
39
What is the highest common divisor of 704 and 3454?
22
What is the highest common divisor of 3990 and 1748?
38
Calculate the greatest common divisor of 1162 and 76526.
166
What is the highest common factor of 569588 and 917?
131
What is the greatest common factor of 16537 and 529?
23
What is the greatest common divisor of 26 and 1284608?
26
Calculate the highest common factor of 45563 and 805.
161
Calculate the greatest common factor of 24 and 99896.
8
Calculate the greatest common factor of 7337 and 2552.
319
What is the highest common divisor of 74227 and 2189?
199
What is the greatest common factor of 658 and 301?
7
What is the highest common divisor of